 8. Let n(x) = 11*p(x) - 4*s(x). Give n(a).
-7
Let t(c) = -7*c**2 + c + 3. Let p(f) = -11*f**2 + f + 5. Let w(b) = -5*p(b) + 8*t(b). Let o(u) = -u**2 + 2*u - 3. Let q be o(3). Let y = 10 + q. Give w(y).
-5
Let n(r) = 6*r**2 - 33*r + 1. Let g(s) = -s**2 - s - 2. Let t(q) = 2*g(q) + n(q). Let v be t(9). Let j(k) = 7*k - 7*k**2 + 2*k**2 + k**3 - 2*k**2. Give j(v).
6
Suppose -7*k + 16 = 79. Let s(i) = i**3 + 8*i**2 - 8*i + 16. Let t be s(k). Let v(p) = p**2 - 7*p + 7. Determine v(t).
7
Let i be (-199)/(-11) + 12/(-132). Let m(a) = a**2 - 20*a + 29. Determine m(i).
-7
Let p(m) be the third derivative of m**8/20160 + m**7/1680 - m**6/360 - 7*m**5/30 + 9*m**2. Let k(x) be the third derivative of p(x). Determine k(2).
8
Let p = -13 - -18. Let o = -48 + 56. Let t(s) = 2*s**2 - 2*s - o*s + 3*s + 0*s. Determine t(p).
15
Let w(a) = -7*a**2 + 3*a + 4. Let c(g) = 5*g**2 + g + 1. Let y(f) = 5*c(f) - w(f). What is y(-1)?
31
Let u(z) = -z**3 - 5*z**2 + 5*z - 8. Let g(j) = -j**2 - 15*j - 6. Suppose 0 = -0*p + 2*p - 90. Suppose 7*f - 4*f + p = 0. Let y be g(f). What is u(y)?
-2
Let n(d) = d**2 + 3*d + 3. Let s be n(-3). Let w(f) = -3*f - 4 + 0*f + s - 1. Let v be 3/(((-8)/12)/(2/(-3))). Calculate w(v).
-11
Let w(y) be the second derivative of -y**6/120 + y**5/10 - y**4/12 - y**3 - 9*y**2 + 8*y. Let g(z) be the first derivative of w(z). What is g(6)?
-18
Let s(q) = 3*q**2 - 8*q**2 - q**2 - 3 - 9*q + 5*q**2. Determine s(-5).
17
Let q be 2/3*24/16. Let h(s) = -123*s + q + 121*s - 4. What is h(-8)?
13
Let v(n) = -n + 10. Let w be (-12 + 11)*(0 - 12 - 1). Calculate v(w).
-3
Let d(j) = -j**2 - 9*j + 3. Let k be -4 + 65/20 - 3/(-4). Let g(f) = -4*f**2 - 2*f - 8. Let m be g(k). What is d(m)?
11
Let y(x) = x**2 + 22*x + 20. Suppose 0 = 4*m + a + 85, 4*m - a + 34 = -49. Determine y(m).
-1
Let w(q) = 0 + 1 + 0 + 0 + q. Let f(d) = d + 2. Let v(u) = 4*f(u) - 5*w(u). Let r(x) = x - 1. Let n be r(6). What is v(n)?
-2
Let w be (-24)/9*(-21)/(-4). Let s = w + 10. Let x(t) be the third derivative of -t**4/24 + t**3/2 + 3*t**2. Calculate x(s).
7
Let m(h) = -25*h + 10. Let o(s) = -32*s + 10. Let g(u) = -5*m(u) + 4*o(u). What is g(-8)?
14
Let s(k) = -2*k - 5. Let y = -197 - -191. Determine s(y).
7
Suppose -1 - 9 = -2*s. Let b(j) = -1 - 1 + 5*j - 3 + 0*j. What is b(s)?
20
Let u = 27 + -4. Suppose -a = 3*x - 26, -2*x = 5*a - 127 + u. Let c be 66/15 - a/50. Let q(o) = -o**3 + 4*o**2 - 2*o + 5. Give q(c).
-3
Let r(u) be the second derivative of -u**6/180 - u**4/24 + 4*u**3 - 14*u. Let x(n) be the second derivative of r(n). Give x(1).
-3
Let o(w) be the first derivative of w**2/2 + 8*w + 160. What is o(-12)?
-4
Let t(c) = -7*c - 8. Let d(j) = 13*j + 15. Let p(x) = -4*d(x) - 7*t(x). Suppose -26*z + 24*z = 10. Calculate p(z).
11
Let z(g) = 4*g - 5*g - 6 + 2*g. Let i(u) be the third derivative of u**5/60 + 3*u**4/8 + u**3/2 - 5*u**2. Let v be i(-8). Calculate z(v).
-11
Let h(y) = -3*y + 2. Let z = 29 + -33. Let i(d) = -3*d**2 + 15*d + 17. Let t(b) = 5*b**2 - 23*b - 26. Let x(l) = 8*i(l) + 5*t(l). Let f be x(z). What is h(f)?
-4
Let l(x) be the second derivative of x**6/360 - x**5/120 - 5*x**3/6 + 6*x. Let w(v) be the second derivative of l(v). Give w(2).
2
Let j(g) = -6*g**3 - 3*g**2 + 2*g + 2. Let s be j(1). Let b(k) = -k**2 - 4*k + 11. What is b(s)?
6
Let n(h) = -2*h**2 - h - 28. Let m(s) = -3*s**2 - 27. Let l(d) = -3*m(d) + 4*n(d). Determine l(9).
14
Let r be (-4)/(-14) - 1104/(-56). Suppose 0 = -3*m - m + 4*y - r, -3*y = -5*m - 33. Let f be 2/(-2) - m/3. Let d(o) = -2*o**3 + 2*o**2 + o - 2. Give d(f).
-8
Suppose g - 2*r = 3*r + 29, -1 = g + 5*r. Suppose 2*p = 4*z + g, z + 4*p - 1 = -0. Let q(k) = k**2 + 5*k. Give q(z).
-6
Let t(b) be the first derivative of -b**2/2 + b + 6. Let k(a) = a**2 + 13*a + 23. Let m(q) = q**2 + 12*q + 16. Let j be m(-9). Let i be k(j). Calculate t(i).
0
Let n(i) = i**2 + i - 1. Let b(k) = -6*k**2 - 7*k + 5. Suppose -g = -59 + 60. Let h(s) = g*b(s) - 5*n(s). Calculate h(-2).
0
Let s(x) = -5*x - 1. Suppose 0 = 2*q - 61 + 5. Let o = q - 27. Calculate s(o).
-6
Let w(o) = o**3 + 2*o**2 - 6*o - 5. Let u be -44 - 2/((-4)/(-6)). Let a = 43 + u. Give w(a).
-13
Let k(l) = 4*l + 0*l - l**2 - 5 + 3. Let d be 2/7 - 19/(-7). Let r be (1 - d) + (3 - -2). Calculate k(r).
1
Let j = -20 + 20. Suppose j*n = -2*f + 4*n + 2, 0 = -f + 3*n. Let r(z) = 2*z**3 - 3*z**f + 134*z - 5*z**2 + 4 - 133*z. Determine r(-5).
-1
Let w(x) = x + 4. Let l(z) = -2*z - 5. Suppose -5*j - 4*q + 115 = 0, -2*j - 4*q + 39 = -j. Suppose 5*a = -4 + j. Let d(o) = a*w(o) + 2*l(o). Calculate d(6).
-4
Suppose 0 = m + 38 - 43. Let q(c) = 0*c**2 + 8*c - c**2 - 44 + 38. What is q(m)?
9
Let g(z) be the third derivative of z**5/60 + z**4/8 + z**3/2 - 76*z**2. Suppose 9 = -4*q + 3*v - 9, 0 = 4*q + 3*v + 6. Give g(q).
3
Suppose 0 = -5*b - 5, -5*x = -0*x - 3*b - 23. Let j be (6/12)/(x/(-64)). Let w(u) = -u**3 - 7*u**2 + 6*u. What is w(j)?
16
Let o(l) = 3*l**3 + 10*l**2 + 12*l + 13. Let h(j) = -j**3 - j - 1. Let i(z) = -2*h(z) - o(z). Calculate i(-9).
-2
Let r(z) = z**3 + 8*z**2 + 2*z - 7. Let w = -572 - -564. Give r(w).
-23
Let n(w) = 2*w + 4. Let o be (-12)/(-4) - (-5)/((-5)/4). Let c(s) = 1. Let d(i) = o*n(i) + 6*c(i). What is d(2)?
-2
Let p(f) = f**3 - 15*f**2 + 17*f - 30. Let b(t) = -22*t - 30. Let r be b(-2). Give p(r).
12
Let j(b) = b - 3. Let i(z) = -3*z + 2. Let x(l) = -3*i(l) - 6*j(l). Give x(-6).
-6
Let s(i) = i**3 - 10*i**2 - i + 11. Let n be s(10). Let c(v) = -24*v**2 + 5*v. Let t(d) = d**2 - d. Let k(x) = c(x) + 6*t(x). Determine k(n).
-19
Let m(u) = -5*u**2 - 8*u - 11. Let i(w) be the first derivative of 2*w**3 + 4*w**2 + 12*w - 16. Let a(l) = -6*i(l) - 7*m(l). Determine a(9).
-4
Let m(j) = -j**2 - 12*j - 25. Suppose 3*q - 2*v + 30 = 0, q + 13*v = 9*v - 10. What is m(q)?
-5
Let v be (6 + -2 - (4 - -1)) + 1. Let n(g) be the third derivative of v*g - 1/60*g**5 + 3*g**2 - 11/6*g**3 + 0*g**4 + 0. What is n(0)?
-11
Let n be -2 + -4 + 4 + 2. Suppose n*v = 3*v + 12. Let k be -3*v/36*3. Let o(j) = -10*j**3 - j**2 - j + 1. Determine o(k).
-11
Let j(y) be the third derivative of -y**6/120 - y**5/60 - 2*y**3/3 - y**2. Suppose q = -2*q - 4*c, 3*q = 3*c. Give j(q).
-4
Let x(n) be the first derivative of 0*n + 1/360*n**6 + 0*n**2 + 1/3*n**3 + 5/24*n**4 + 2 - 1/20*n**5. Let v(c) be the third derivative of x(c). Calculate v(5).
0
Let v(d) be the second derivative of -d**5/20 - d**4/6 - d**3/3 + 3*d**2/2 + 17*d - 6. What is v(-4)?
43
Let z(m) = 4*m**2 - m - 1. Suppose 4*o - 48 = 56. Let h = -27 + o. Determine z(h).
4
Let k(o) = 2*o**2 + 7*o - 2. Let t be (-1600)/448 + (-8)/(-14). What is k(t)?
-5
Suppose 50*i + 4 = 48*i, 2 = c + 2*i. Let o(p) = p**2 - 5*p - 14. What is o(c)?
-8
Let d be -3*3/3*3. Let i(v) = -v**2 - 11*v - 13. Give i(d).
5
Suppose 761*g + 330 + 1192 = 0. Let x(j) = 9*j - 5. Suppose 5*o - 4*o = 5. Let l(d) = 4*d - 2. Let y(p) = o*l(p) - 2*x(p). Calculate y(g).
-4
Suppose 0 = -j + 2 - 0. Let y be 4/j + (-7 - -2). Let i(q) be the first derivative of q**3/3 - q**2/2 + 2*q - 14. Determine i(y).
14
Let l(p) = -6*p - 53*p + 60*p - p**3 - 7*p**2. Give l(-7).
-7
Suppose -4*x + 7*n = -3, -2*n + 5 = -3*x + 4. Let v(w) = 13*w**2 + w + 1. Give v(x).
13
Let h(k) = -2*k - 1. Suppose -4*w + 60 = 6*w. Let f(z) = z**2 - 5*z - 3. Let l be f(w). What is h(l)?
-7
Let n(s) = -19*s + 104. Let m(x) = 9*x - 50. Let j(g) = -13*m(g) - 6*n(g). Calculate j(9).
-1
Let q = 10 - 15. Let a be (-1)/3*(-17 - q). Let u(g) = -g**2 + 3*g. Give u(a).
-4
Let j(s) = -s**3 - 6*s**2 - 7*s - 2. Let k be -9*(20/(-6) - -3). Suppose 4 = k*u + 19. Give j(u).
8
Let r(x) = 13 - 14 + 2*x + x + 6*x + x**2. Suppose -5*b = -9*b - 16. Calculate r(b).
-21
Let g be (0 - (-3)/6)*-12. Let t(i) = 7 - 7 + 8 + 8*i + i**2. What is t(g)?
-4
Suppose -3*c + 1 = -2. Let r be (-3)/c*(-16)/24. Let w(l) = -2*l**2 + 35*l - 41*l - r + 8 + l**2. Give w(-7).
-1
Let j(u) = -5*u**2 + 2*u + 1. Let a be (1/2)/(2/(-16)*2). Give j(a).
-23
Let i(d) = 2*d**3. Suppose -6*b = -0 - 12. Let h(t) = -t**2 + t + 1. Let p be h(b). What is i(p)?
-2
Let l(q) = -2*q**2 - 3. Let x(v) = -v**3 + 20*v**2 - 91*v + 2. Let p be x(13). Give l(p).
-11
Let z = -2 + 2. Let x(d) be the first derivative of d**4/4 + d**3/3 - d**2/2 + 5*d - 21. Determine x(z).
5
Let s(u) = -7*u - 32. Let c be s(-5). Let n = 